{"id":78,"date":"2016-10-23T16:23:32","date_gmt":"2016-10-23T14:23:32","guid":{"rendered":"http:\/\/epistemicviolence.aau.at\/?page_id=78"},"modified":"2024-01-26T11:32:35","modified_gmt":"2024-01-26T10:32:35","slug":"lehre","status":"publish","type":"page","link":"https:\/\/epistemicviolence.aau.at\/index.php\/de\/lehre\/","title":{"rendered":"Lehre"},"content":{"rendered":"<p><span style=\"text-align: justify;\"><strong>Themenfelder:<\/strong> politische und epistemische Gewalt, Friedens- und Konfliktforschung, Wissen(schaft)stheorie und -kritik, Feministische Theorie und Gender Studies, post- und dekoloniale Theorie, Bildung und Klassenverh\u00e4ltnisse<br \/><\/span><\/p>\n<p><strong><span class=\"collapseomatic noarrow\" id=\"id69e3544baa535\"  tabindex=\"0\" title=\"Universit\u00e4t Klagenfurt, Zentrum f\u00fcr Friedensforschung und Friedensbildung\"    >Universit\u00e4t Klagenfurt, Zentrum f\u00fcr Friedensforschung und Friedensbildung<\/span><div id=\"target-id69e3544baa535\" class=\"collapseomatic_content \"><\/strong><\/p>\n<div><a href=\"https:\/\/campus.aau.at\/studien\/lvliste.jsp?atoken=22410816\" target=\"_blank\" rel=\"noopener\">Lehre seit 2021<\/a><\/div>\n<div>\u00a0<\/div>\n<div>fr\u00fchere Lehre (ab 2010)<\/div>\n<div>\u00a0<\/div>\n<div>SoSe 2021 Krieg, Frieden und Geschlecht<\/div>\n<div>SoSe 2021 Gewalt(freiheit) weiter denken. Theorien, Konzepte, Perspektiven<\/div>\n<div>SoSe 2021 Soziale Epistemologie. Wissenschaftstheorie und Gesellschaftskritik<\/div>\n<div>WiSe 2020 Einf\u00fchrung in die Friedens- und Konfliktforschung<\/div>\n<div>WiSe 2020 Geschlechterkampf ums Abendland? Diskurse und Politiken<\/div>\n<div>WiSe 2020 Vom Geschlecht des Wissens. Grundlagen feministischer Wissenschaftskritik<\/div>\n<div>SoSe 2020 Soziale Epistemologie. Wissenschaftstheorie und Gesellschaftskritik<\/div>\n<div>Sose 2020 Gewalt weiter denken. Theorien, Konzepte, Perspektiven<\/div>\n<div>SoSe 2020 Vom Geschlecht des Wissens. Grundlagen feministischer Wissenschaftskritik<\/div>\n<div>SoSe 2017 Utopie Gewaltfreiheit? Theoretische Ann\u00e4herungen<\/div>\n<div>SoSe 2015 Orientalismus und Okzidentalismus. Der Westen und seine Anderen<\/div>\n<div>WiSe 2014 Auf den Spuren der Menschenrechte durch die Stadt<\/div>\n<div>SoSe 2014 Was ist Gewalt? Konzepte, Theorien, Perspektiven<\/div>\n<div>WiSe 2013 Krieg, Frieden und Geschlecht. Feministische Perspektiven<\/div>\n<div>SoSe 2013 Symbolische, strukturelle und kulturelle Gewalt<\/div>\n<div>WiSe 2012 Geschlechterkampf um\u2019s Abendland. Gender in Debatten \u00fcber Orient und Okzident<\/div>\n<div>SoSe 2012 Was ist Gewalt?<\/div>\n<div>WiSe 2011 Menschenrechte &amp; Universit\u00e4t<\/div>\n<div>SoSe 2011 Orientalismus und Okzidentalismus. Reflexionen \u00fcber den Westen und seine Anderen<\/div>\n<div>WiSe 2010 Krieg, Frieden und Geschlecht. Das Feld der Internationalen Beziehungen aus feministischer Perspektive<\/div>\n<div>\n[\/expandsub1]\n<\/div>\n<\/div>\n<p><strong><span class=\"collapseomatic noarrow\" id=\"id69e3544baa5b5\"  tabindex=\"0\" title=\"Universit\u00e4t Augsburg, Lehrstuhl f\u00fcr Politikwissenschaft, Friedens- und Konfliktforschung\"    >Universit\u00e4t Augsburg, Lehrstuhl f\u00fcr Politikwissenschaft, Friedens- und Konfliktforschung<\/span><div id=\"target-id69e3544baa5b5\" class=\"collapseomatic_content \"><\/strong><\/p>\n<p>WiSe 2016 Epistemische Gewalt, Kolonialit\u00e4t und die Geopolitik des Wissens<br \/><\/div>\n<p><strong><span class=\"collapseomatic noarrow\" id=\"id69e3544baa5f4\"  tabindex=\"0\" title=\"Universit\u00e4t Wien, Institut f\u00fcr Internationale Entwicklung\"    >Universit\u00e4t Wien, Institut f\u00fcr Internationale Entwicklung<\/span><div id=\"target-id69e3544baa5f4\" class=\"collapseomatic_content \"><\/strong><\/p>\n<p>SoSe 2016 Kolonialit\u00e4t und Geopolitik des Wissens<\/p>\n<p>WiSe 2008 und WiSe 2009 Wissenschaftstheorie und -kritik<br \/><\/div>\n<p><strong><span class=\"collapseomatic noarrow\" id=\"id69e3544baa625\"  tabindex=\"0\" title=\"Universit\u00e4t Wien, Institut f\u00fcr Politikwissenschaft\"    >Universit\u00e4t Wien, Institut f\u00fcr Politikwissenschaft<\/span><div id=\"target-id69e3544baa625\" class=\"collapseomatic_content \"><\/strong><\/p>\n<p>WiSe 2023 Epistemische Gewalt. Wissen und Herrschaft in der kolonialen Moderne<\/p>\n<p>WiSe 2008 und WiSe 2009 Embedded Feminism als epistemische Gewalt<\/p>\n<p>SoSe 2006 und SoSe 2007 Geschlecht in den Internationalen Beziehungen<\/p>\n<p>WiSe 2003 und WiSe 2004 Un\/erh\u00f6rte Zug\u00e4nge zum Nahostkonflikt<br \/><\/div>\n<p><strong><span class=\"collapseomatic noarrow\" id=\"id69e3544baa651\"  tabindex=\"0\" title=\"Humboldt-Universit\u00e4t zu Berlin, Zentrum f\u00fcr Transdisziplin\u00e4re Geschlechterstudien\"    >Humboldt-Universit\u00e4t zu Berlin, Zentrum f\u00fcr Transdisziplin\u00e4re Geschlechterstudien<\/span><div id=\"target-id69e3544baa651\" class=\"collapseomatic_content \"><\/strong><\/p>\n<p>SoSe 2009 Embedded Feminism und\/als epistemische Gewalt<\/p>\n<p>WiSe 2006 Die Kategorie Geschlecht in Herstellungsprozessen des Politischen<br \/><\/div>\n<p><strong><span class=\"collapseomatic noarrow\" id=\"id69e3544baa67b\"  tabindex=\"0\" title=\"Erwachsenenbildung und au\u00dferschulische Jugendarbeit\"    >Erwachsenenbildung und au\u00dferschulische Jugendarbeit<\/span><div id=\"target-id69e3544baa67b\" class=\"collapseomatic_content \"><\/strong><\/p>\n<p>1999-2003 Trainerin f\u00fcr den Europ\u00e4ischen Freiwilligendienst in \u00d6sterreich<\/p>\n<p>1993-2000 Trainerin in Jugendarbeit und Erwachsenenbildung<\/p>\n<p>1986-1990 ehrenamtliche Gruppenleiterin in der au\u00dferschulischen Kinder- und Jugendarbeit<\/p>\n<\/div>\n\n\n<p><\/p>\n","protected":false},"excerpt":{"rendered":"<p>Themenfelder: politische und epistemische Gewalt, Friedens- und Konfliktforschung, Wissen(schaft)stheorie und -kritik, Feministische Theorie und Gender Studies, post- und dekoloniale Theorie, Bildung und Klassenverh\u00e4ltnisse<\/p>\n","protected":false},"author":1,"featured_media":0,"parent":0,"menu_order":0,"comment_status":"closed","ping_status":"closed","template":"","meta":[],"aioseo_notices":[],"_links":{"self":[{"href":"https:\/\/epistemicviolence.aau.at\/index.php\/wp-json\/wp\/v2\/pages\/78"}],"collection":[{"href":"https:\/\/epistemicviolence.aau.at\/index.php\/wp-json\/wp\/v2\/pages"}],"about":[{"href":"https:\/\/epistemicviolence.aau.at\/index.php\/wp-json\/wp\/v2\/types\/page"}],"author":[{"embeddable":true,"href":"https:\/\/epistemicviolence.aau.at\/index.php\/wp-json\/wp\/v2\/users\/1"}],"replies":[{"embeddable":true,"href":"https:\/\/epistemicviolence.aau.at\/index.php\/wp-json\/wp\/v2\/comments?post=78"}],"version-history":[{"count":60,"href":"https:\/\/epistemicviolence.aau.at\/index.php\/wp-json\/wp\/v2\/pages\/78\/revisions"}],"predecessor-version":[{"id":1186,"href":"https:\/\/epistemicviolence.aau.at\/index.php\/wp-json\/wp\/v2\/pages\/78\/revisions\/1186"}],"wp:attachment":[{"href":"https:\/\/epistemicviolence.aau.at\/index.php\/wp-json\/wp\/v2\/media?parent=78"}],"curies":[{"name":"wp","href":"https:\/\/api.w.org\/{rel}","templated":true}]}}