{"id":49,"date":"2016-10-23T13:51:08","date_gmt":"2016-10-23T11:51:08","guid":{"rendered":"http:\/\/epistemicviolence.aau.at\/?page_id=49"},"modified":"2024-01-26T10:27:23","modified_gmt":"2024-01-26T09:27:23","slug":"person","status":"publish","type":"page","link":"https:\/\/epistemicviolence.aau.at\/index.php\/de\/person\/","title":{"rendered":"Person"},"content":{"rendered":"<p><strong>Claudia Brunner<\/strong><\/p>\n<p style=\"text-align: justify;\">ist promovierte Sozialwissenschaftlerin und seit Februar 2020 Assoziierte Professorin am Zentrum f\u00fcr Friedensforschung und Friedensbildung der Universit\u00e4t Klagenfurt, wo sie seit 2015 als Assistenzprofessorin t\u00e4tig war. Von April 2015 bis J\u00e4nner 2020 hatte sie eine Elise-Richter Stelle des FWF (Wissenschaftsfonds der Republik \u00d6sterreich) inne und arbeitete daran am Standort Wien der Universit\u00e4t Klagenfurt. Im Dezember 2019 hat sie nach erfolgreicher Habilitation an der Fakult\u00e4t f\u00fcr Sozialwissenschaften die Venia Docendi f\u00fcr das Fach Politikwissenschaft an der Universit\u00e4t Wien erhalten.<\/p>\n<p><strong>Arbeitsschwerpunkte &amp; Forschungszug\u00e4nge<\/strong><\/p>\n<p style=\"text-align: justify;\">Kritische Friedens- und Konfliktforschung, Gewalt und Gewaltfreiheit, Feministische Theorie und Gender Studies, Post- und dekoloniale Theorie, Soziale Epistemologie und Wissenschaftskritik, Wissenssoziologische Diskurs- und Dispositivforschung<\/p>\n<p><strong>Preise und Auszeichnungen<\/strong><\/p>\n<p><a class=\"neu\" style=\"text-decoration: none; outline: none;\" href=\"http:\/\/pf.fwf.ac.at\/de\/wissenschaft-konkret\/im-fokus-firnbergrichter\/richter-liste\/2014\/287927\" target=\"_blank\" rel=\"noopener\">Elise Richter Fellowship des Wissenschaftsfonds der Republik \u00d6sterreich (FWF) 2014<\/a><\/p>\n<p><a class=\"neu\" style=\"text-decoration: none; outline: none;\" href=\"http:\/\/www.hu-berlin.de\/de\/ueberblick\/menschen\/ehrungen\/caroline-von-humboldt-preis\" target=\"_blank\" rel=\"noopener\">Caroline von Humboldt Preis der Humboldt-Universit\u00e4t zu Berlin 2012<\/a><\/p>\n<p><a class=\"neu\" style=\"text-decoration: none; outline: none;\" href=\"https:\/\/afk-web.de\/cms\/die-bisherigen-preistraegerinnen\/\" target=\"_blank\" rel=\"noopener\">Christiane Rajewsky Preis der Arbeitsgemeinschaft f\u00fcr Friedens- und Konfliktforschung 2011<\/a><\/p>\n<p><strong><span class=\"collapseomatic noarrow\" id=\"id69ecbf4a754ce\"  tabindex=\"0\" title=\"wissenschaftliche Funktionen und Mitgliedschaften\"    >wissenschaftliche Funktionen und Mitgliedschaften<\/span><div id=\"target-id69ecbf4a754ce\" class=\"collapseomatic_content \"><\/strong><\/p>\n<p>2019-2021 Sprecherin des <a href=\"https:\/\/afk-web.de\/cms\/arbeitskreise-der-afk\/arbeitskreis-herrschaftskritische-friedensforschung\/\" target=\"_blank\" rel=\"noopener\">Arbeitskreises Herrschaftskritische Friedensforschung<\/a> der Arbeitsgemeinschaft f\u00fcr Friedens- und Konfliktforschung (AFK)<\/p>\n<p>2018-2020 Mitglied in der Steuerungsgruppe des Netzwerks Friedens- und Konfliktforschung in \u00d6sterreich (NeFK\u00d6)<\/p>\n<p>seit 2014 Beiratsmitglied der Buchreihe Rekonstruktive Weltpolitikforschung (Hg. Ulrich Franke\/Ulrich Roos), Nomos Verlag<\/p>\n<p>2014-2018 Mitglied der British International Studies Association (BISA)<\/p>\n<p>seit 2014 Mitglied der Colonial\/Postcolonial\/Decolonial (CPD) Working Group sowie der Gender and International Relations Working Group (GIRWG) in der British International Studies Association (BISA)<\/p>\n<p>2014-2018 Jurymitglied des Christiane Rajewsky Preises f\u00fcr NachwuchswissenschaftlerInnen der Arbeitsgemeinschaft Friedens- und Konfliktforschung (AFK)<\/p>\n<p>2014 Jurymitglied des Forums JungforscherInnen des Mattersburger Kreises f\u00fcr Entwicklungspolitik<\/p>\n<p>2012-2014 Frauenbeauftragte und Vorstandsmitglied der Arbeitsgemeinschaft Friedens- und Konfliktforschung (AFK)<\/p>\n<p>seit 2011 Mitglied der Arbeitsgemeinschaft Friedens- und Konfliktforschung (AFK)<\/p>\n<p>seit 2010 Mitfrau des Verbands feministischer Wissenschafter_innen (VfW), \u00d6sterreich<\/p>\n<p>seit 2006 Mitglied der Arbeitskreises Politik und Geschlecht der Deutschen Vereinigung f\u00fcr Politikwissenschaften (DVPW)<\/p>\n<p>seit 2005 assoziiertes Mitglied des Zentrums f\u00fcr Transdisziplin\u00e4re Geschlechterforschung (ZTG), Humboldt-Universit\u00e4t zu Berlin<\/p>\n<p>2004-2014: Mitglied der \u00d6sterreichischen Gesellschaft f\u00fcr Politikwissenschaft (\u00d6GPW)<br \/>\n<\/div>\n<p><strong><span class=\"collapseomatic noarrow\" id=\"id69ecbf4a7552a\"  tabindex=\"0\" title=\"beruflicher Werdegang\"    >beruflicher Werdegang<\/span><div id=\"target-id69ecbf4a7552a\" class=\"collapseomatic_content \"><\/strong><\/p>\n<p>2023 Gastprofessur am Institut f\u00fcr Politikwissenschaft, Universit\u00e4t Wien<\/p>\n<p>seit Febraur 2020 Assoziierte Professorin am Zentrum f\u00fcr Friedensforschung und Friedensbildung, Universit\u00e4t Klagenfurt<\/p>\n<p>Dezember 2019 Venia Docendi f\u00fcr Politikwissenschaft, Fakult\u00e4t f\u00fcr Sozialwissenschaften, Universit\u00e4t Wien<\/p>\n<p>2019 Gastprofessur am Candadian Research Center for Social Innovation and Community Engagement in Military Affairs (Prof. Maya Eichler), Mount Saint Vincent University, Halifax, Kanada<\/p>\n<p>2016 Gastaufenthalt am Lehrstuhl f\u00fcr Friedens- und Konfliktforschung, Universit\u00e4t Augsburg<\/p>\n<p>2016 Gastaufenthalt an der School of Politics and International Relations, Queen Mary University of London<\/p>\n<p>2015-2020 Inhaberin eines Elise Richter Fellowships am Zentrum f\u00fcr Friedensforschung und Friedensbildung der Alpen-Adria-Universit\u00e4t Klagenfurt am Standort Wien<\/p>\n<p>2015-2020 Assistenzprofessorin am Zentrum f\u00fcr Friedensforschung und Friedensbildung der Alpen-Adria-Universit\u00e4t Klagenfurt<\/p>\n<p>2013 Gastaufenthalt am Zentrum f\u00fcr Transdisziplin\u00e4re Geschlechterstudien der Humboldt-Universit\u00e4t zu Berlin<\/p>\n<p>2010-2015 wissenschaftliche Mitarbeiterin am Zentrum f\u00fcr Friedensforschung und Friedensp\u00e4dagogik der Alpen-Adria-Universit\u00e4t Klagenfurt, 2011-2015 auch Studienprogrammleitung ebendort<\/p>\n<p>2009 wissenschaftliche Mitarbeiterin am Zentrum f\u00fcr Transdisziplin\u00e4re Geschlecherstudien der Humboldt-Universit\u00e4t zu Berlin<\/p>\n<p>2009 Promotion am Institut f\u00fcr Politikwissenschaft der Universit\u00e4t Wien<\/p>\n<p>2005-2008 Stipendiatin im Graduiertenkolleg Geschlecht als Wissenskategorie der Humboldt-Universit\u00e4t zu Berlin, gef\u00f6rdert von der Deutschen Forschungsgemeinschaft (DFG)<\/p>\n<p>2003 Sponsion am Institut f\u00fcr Politikwissenschaft der Universit\u00e4t Wien<\/p>\n<p>2002-2005 Mitarbeit an Forschungsprojekten zu Prostitutionspolitik am Institut f\u00fcr Politikwissenschaft der Universit\u00e4t Wien<\/p>\n<p>2000-2001 Erasmus-Studium an der Universit\u00e9 de Paris 1, Panth\u00e9on-Sorbonne, Paris<\/p>\n<p>1997-2003 Studium der Politikwissenschaft, Zeitgeschichte sowie Frauen- und Geschlechterforschung an der Universit\u00e4t Wien<br \/>\n<\/div>\n<p><strong><span class=\"collapseomatic noarrow\" id=\"id69ecbf4a7555f\"  tabindex=\"0\" title=\"Aus- und Weiterbildungen\"    >Aus- und Weiterbildungen<\/span><div id=\"target-id69ecbf4a7555f\" class=\"collapseomatic_content \"><\/strong><\/p>\n<p>2014-2020 j\u00e4hrliche Fortbildungen im Rahmen des Exzellenzprogramms Elise Richter des Wissenschaftsfonds der Republik \u00d6sterreich (FWF)<\/p>\n<p>2011 und 2012 Seminare im Rahmen des Arbeitskreises Curriculum &amp; Lehre der Arbeitsgemeinschaft Friedens- und Konfliktforschung zu Diversit\u00e4t in der friedenswissenschaftlichen Lehre bzw. zu konstruktivem Feedback, Magdeburg bzw. Hamburg<\/p>\n<p>2011 Lehrgang f\u00fcr NachwuchswissenschaftlerInnen der Alpen-Adria-Universit\u00e4t Klagenfurt<\/p>\n<p>2003-2005 Lehrgang Potenziale erkennen. Visionen entwickeln. Zukunft gestalten. Karriereplanung f\u00fcr Frauen in der Wissenschaft, Universit\u00e4t Wien<\/p>\n<p>2003 Lehrgang Potenziale, Barrieren, Chancen f\u00fcr Nachwuchswissenschaftlerinnen\/Frauen an der Universit\u00e4t, Universit\u00e4t Graz<\/p>\n<p>2003-2016 zahlreiche Fortbildungen im Bereich Teamarbeit, Zeitmanagement, Verhandlungstechniken, Konfliktbearbeitung, Karrierecoaching, Englisch als wissenschaftliche Arbeitssprache, Forschungsf\u00f6rderung<\/p>\n<p>1993-2003 zahlreiche Fortbildungen im Bereich Gruppendynamik und Kommunikation, insbesondere \u00fcber das Europ\u00e4ische Aus- und Fortbildungsinstitut f\u00fcr Kommunikation (2000-2003) sowie \u00fcber das Katholische Bildungswerk Steiermark (1993-1997)<\/p>\n<p>1993 Fachmatura an den Tourismusschulen Kle\u00dfheim<\/p>\n<p>1990 Matura am Gymnasium Pestalozzistra\u00dfe in Graz<br \/>\n<\/div>\n","protected":false},"excerpt":{"rendered":"<p>Claudia Brunner ist promovierte Sozialwissenschaftlerin und seit Februar 2020 Assoziierte Professorin am Zentrum f\u00fcr Friedensforschung und Friedensbildung der Universit\u00e4t Klagenfurt, wo sie seit 2015 als Assistenzprofessorin t\u00e4tig war. Von April 2015 bis J\u00e4nner 2020 hatte sie eine Elise-Richter Stelle des FWF (Wissenschaftsfonds der Republik \u00d6sterreich) inne und arbeitete daran am Standort Wien der Universit\u00e4t Klagenfurt. [&hellip;]<\/p>\n","protected":false},"author":1,"featured_media":0,"parent":0,"menu_order":0,"comment_status":"closed","ping_status":"closed","template":"","meta":[],"aioseo_notices":[],"_links":{"self":[{"href":"https:\/\/epistemicviolence.aau.at\/index.php\/wp-json\/wp\/v2\/pages\/49"}],"collection":[{"href":"https:\/\/epistemicviolence.aau.at\/index.php\/wp-json\/wp\/v2\/pages"}],"about":[{"href":"https:\/\/epistemicviolence.aau.at\/index.php\/wp-json\/wp\/v2\/types\/page"}],"author":[{"embeddable":true,"href":"https:\/\/epistemicviolence.aau.at\/index.php\/wp-json\/wp\/v2\/users\/1"}],"replies":[{"embeddable":true,"href":"https:\/\/epistemicviolence.aau.at\/index.php\/wp-json\/wp\/v2\/comments?post=49"}],"version-history":[{"count":54,"href":"https:\/\/epistemicviolence.aau.at\/index.php\/wp-json\/wp\/v2\/pages\/49\/revisions"}],"predecessor-version":[{"id":1160,"href":"https:\/\/epistemicviolence.aau.at\/index.php\/wp-json\/wp\/v2\/pages\/49\/revisions\/1160"}],"wp:attachment":[{"href":"https:\/\/epistemicviolence.aau.at\/index.php\/wp-json\/wp\/v2\/media?parent=49"}],"curies":[{"name":"wp","href":"https:\/\/api.w.org\/{rel}","templated":true}]}}