{"id":157,"date":"2016-10-27T01:58:44","date_gmt":"2016-10-26T23:58:44","guid":{"rendered":"http:\/\/epistemicviolence.aau.at\/?page_id=157"},"modified":"2020-05-02T02:08:59","modified_gmt":"2020-05-02T00:08:59","slug":"kontakt","status":"publish","type":"page","link":"https:\/\/epistemicviolence.aau.at\/index.php\/de\/kontakt\/","title":{"rendered":"Kontakt"},"content":{"rendered":"<p><strong>Assoz.-Prof. Mag. Dr. Claudia Brunner<\/strong><\/p>\n<p>Zentrum f\u00fcr Friedensforschung und Friedensbildung<br \/>\nInstitut f\u00fcr Erziehungswissenschaften und Bildungsforschung<br \/>\nUniversit\u00e4t Klagenfurt<br \/>\nUniversit\u00e4tsstra\u00dfe 65-67<br \/>\n9020 Klagenfurt<br \/>\n\u00d6sterreich<\/p>\n<p>Tel. 0043 463 2700 8652<\/p>\n<p><a href=\"mailto:claudia.brunner@aau.at\">claudia.brunner@aau.at<\/a><\/p>\n<p><a href=\"http:\/\/uni-klu.academia.edu\/ClaudiaBrunner\" target=\"_blank\">academia.edu<\/a><\/p>\n<p>&nbsp;<\/p>\n","protected":false},"excerpt":{"rendered":"<p>Assoz.-Prof. Mag. Dr. Claudia Brunner Zentrum f\u00fcr Friedensforschung und Friedensbildung Institut f\u00fcr Erziehungswissenschaften und Bildungsforschung Universit\u00e4t Klagenfurt Universit\u00e4tsstra\u00dfe 65-67 9020 Klagenfurt \u00d6sterreich Tel. 0043 463 2700 8652 claudia.brunner@aau.at academia.edu &nbsp;<\/p>\n","protected":false},"author":1,"featured_media":0,"parent":0,"menu_order":0,"comment_status":"closed","ping_status":"closed","template":"","meta":[],"aioseo_notices":[],"_links":{"self":[{"href":"https:\/\/epistemicviolence.aau.at\/index.php\/wp-json\/wp\/v2\/pages\/157"}],"collection":[{"href":"https:\/\/epistemicviolence.aau.at\/index.php\/wp-json\/wp\/v2\/pages"}],"about":[{"href":"https:\/\/epistemicviolence.aau.at\/index.php\/wp-json\/wp\/v2\/types\/page"}],"author":[{"embeddable":true,"href":"https:\/\/epistemicviolence.aau.at\/index.php\/wp-json\/wp\/v2\/users\/1"}],"replies":[{"embeddable":true,"href":"https:\/\/epistemicviolence.aau.at\/index.php\/wp-json\/wp\/v2\/comments?post=157"}],"version-history":[{"count":10,"href":"https:\/\/epistemicviolence.aau.at\/index.php\/wp-json\/wp\/v2\/pages\/157\/revisions"}],"predecessor-version":[{"id":752,"href":"https:\/\/epistemicviolence.aau.at\/index.php\/wp-json\/wp\/v2\/pages\/157\/revisions\/752"}],"wp:attachment":[{"href":"https:\/\/epistemicviolence.aau.at\/index.php\/wp-json\/wp\/v2\/media?parent=157"}],"curies":[{"name":"wp","href":"https:\/\/api.w.org\/{rel}","templated":true}]}}