{"id":154,"date":"2016-10-27T01:56:06","date_gmt":"2016-10-26T23:56:06","guid":{"rendered":"http:\/\/epistemicviolence.aau.at\/?page_id=154"},"modified":"2020-07-23T16:04:07","modified_gmt":"2020-07-23T14:04:07","slug":"impressum","status":"publish","type":"page","link":"https:\/\/epistemicviolence.aau.at\/index.php\/de\/impressum\/","title":{"rendered":"Impressum"},"content":{"rendered":"<p><strong>Medieninhaberin und -herausgeberin<\/strong><\/p>\n<p>Claudia Brunner<\/p>\n<p>&nbsp;<\/p>\n<p><strong>Technische Betreuung<\/strong><\/p>\n<p>Hakan Akbulut<br \/>\nhakan.akbulut4@gmail.com<\/p>\n<p>&nbsp;<\/p>\n<p><strong>Theme\/Designvorlage<\/strong><\/p>\n<p>Olsen WordPress Theme von CSSIgniter<\/p>\n<p>&nbsp;<\/p>\n<p><strong>Haftungsausschluss<\/strong><\/p>\n<p style=\"text-align: justify;\">Auch wenn alle auf dieser Homepage bereitgestellten Informationen sorgf\u00e4ltig ausgew\u00e4hlt wurden, so kann die Webseiteninhaberin f\u00fcr die Richtigkeit, Aktualit\u00e4t,und Vollst\u00e4ndigkeit der Angaben dennoch keine Gew\u00e4hr \u00fcbernehmen. Eine Haftung der Webseiteninhaberin ist somit ausgeschlossen.<\/p>\n<p style=\"text-align: justify;\">Auf unseren Seiten finden Sie auch Links zu externen Websites. Die Betreiberin hat keinen Einfluss auf die Gestaltung dieser Sites und distanziert sich von etwaigen rechtswidrigen oder anst\u00f6\u00dfigen Inhalten. F\u00fcr die Inhalte dieser Seiten sind die jeweiligen BetreiberInnen zust\u00e4ndig. Die Webseiteninhaberin kann diesbez\u00fcglich keine Verantwortung \u00fcbernehmen.<\/p>\n","protected":false},"excerpt":{"rendered":"<p>Medieninhaberin und -herausgeberin Claudia Brunner &nbsp; Technische Betreuung Hakan Akbulut hakan.akbulut4@gmail.com &nbsp; Theme\/Designvorlage Olsen WordPress Theme von CSSIgniter &nbsp; Haftungsausschluss Auch wenn alle auf dieser Homepage bereitgestellten Informationen sorgf\u00e4ltig ausgew\u00e4hlt wurden, so kann die Webseiteninhaberin f\u00fcr die Richtigkeit, Aktualit\u00e4t,und Vollst\u00e4ndigkeit der Angaben dennoch keine Gew\u00e4hr \u00fcbernehmen. Eine Haftung der Webseiteninhaberin ist somit ausgeschlossen. Auf unseren [&hellip;]<\/p>\n","protected":false},"author":1,"featured_media":0,"parent":0,"menu_order":0,"comment_status":"closed","ping_status":"closed","template":"","meta":[],"aioseo_notices":[],"_links":{"self":[{"href":"https:\/\/epistemicviolence.aau.at\/index.php\/wp-json\/wp\/v2\/pages\/154"}],"collection":[{"href":"https:\/\/epistemicviolence.aau.at\/index.php\/wp-json\/wp\/v2\/pages"}],"about":[{"href":"https:\/\/epistemicviolence.aau.at\/index.php\/wp-json\/wp\/v2\/types\/page"}],"author":[{"embeddable":true,"href":"https:\/\/epistemicviolence.aau.at\/index.php\/wp-json\/wp\/v2\/users\/1"}],"replies":[{"embeddable":true,"href":"https:\/\/epistemicviolence.aau.at\/index.php\/wp-json\/wp\/v2\/comments?post=154"}],"version-history":[{"count":9,"href":"https:\/\/epistemicviolence.aau.at\/index.php\/wp-json\/wp\/v2\/pages\/154\/revisions"}],"predecessor-version":[{"id":799,"href":"https:\/\/epistemicviolence.aau.at\/index.php\/wp-json\/wp\/v2\/pages\/154\/revisions\/799"}],"wp:attachment":[{"href":"https:\/\/epistemicviolence.aau.at\/index.php\/wp-json\/wp\/v2\/media?parent=154"}],"curies":[{"name":"wp","href":"https:\/\/api.w.org\/{rel}","templated":true}]}}